 (-5 - 8) - (-1 - (3 + -3))?
8
Evaluate 14 + -6 + -5 + -9 - -17.
11
Evaluate -8 - (-1 + 7 + -17).
3
1 + -9 + 9 - (-8 - (-30 - -10))
-11
What is the value of (14 - 28 - -1) + 31?
18
What is -24 - ((-57 - -31) + -26)?
28
(16 - -20) + -38 + 42
40
Calculate 3 + (-30 - -36 - -1).
10
What is the value of -12 + (10 - 13) + -2?
-17
What is (-8 - -12) + 2 + -7?
-1
Evaluate -9 + 5 + 3 - (-28 - -17).
10
What is the value of (-5 - (4 - (-7 - -15))) + 2 + -1?
0
Calculate -20 + 40 + (-4 - 5) + -5.
6
4 + 13 + -23 - (-7 - -2)
-1
What is the value of 8 + -5 + -8 + (8 - -8)?
11
Evaluate -140 + 147 + (1 - -2).
10
What is 27 - -4 - 34 - -37?
34
What is 11 + 3 + 0 + (-7 - -5)?
12
(12 - (0 - 2) - 16) + -19
-21
Evaluate (-17 - (21 + (-6 - 4))) + 9.
-19
Evaluate 14 - 20 - (-21 + 1 + 2 - -1).
11
0 - (-7 - 16 - -30)
-7
Calculate 2 + (32 - 2 - (-27 + 37)).
22
What is (9 - (4 - 1)) + (12 - -9 - 13)?
14
What is -15 + ((-5 - -1) + 10 - 8)?
-17
What is the value of (191 - 181) + (-22 - 1) - 2?
-15
Evaluate -2 + 3 + -3 + 17 + (-2 - 2).
11
What is the value of -6 + (-5 - -15) + -7?
-3
23 + 8 + -12 + -13 + 7
13
7 + 2 + -4 + -2
3
Evaluate -1 + -3 - (3 - (-2 + 4 + -5)).
-10
Calculate -11 - (3 + -10) - (3 + 3 + -9).
-1
What is -25 + (20 - 2 - 9) - -8?
-8
What is the value of (32 - 4 - 15) + -7 - 17?
-11
What is (0 - -1) + -3 + -5 - (13 + -32)?
12
Evaluate (17 - 2) + -9 - -4.
10
(-6 - 20) + -7 - ((9 - 7) + -9)
-26
Calculate 6 + (-41 - -17) - -7.
-11
What is -34 - ((-25 - 0) + 20)?
-29
What is the value of (7 - 23) + 41 - -3?
28
Evaluate 28 - (27 - 46 - -40).
7
What is the value of 0 - (2 + -8) - (-8 - (-44 + 24))?
-6
Calculate -62 - (40 - 42 - 42).
-18
What is the value of 1 + (16 - (4 - -14 - 3))?
2
Calculate -5 - -1 - (7 + -4 + 9 - 0).
-16
16 - ((-272 - -238) + 13 + 1)
36
Evaluate 5 + -11 + -4 + -9 + 6.
-13
Calculate (297 - 299) + (-2 - -5).
1
(-31 - -14) + 15 + -8 + 7
-3
Evaluate (12 - -3) + -7 + (-13 - -8 - -10).
13
What is (-15 + 11 - 11) + 3?
-12
(19 - (-3 + 12)) + 6
16
(6 - 9 - -7) + -1 - -2
5
What is the value of 6 + (-2 + 6 - (7 - 0)) + -4?
-1
Evaluate 21 - (-43 + 17) - 24.
23
Evaluate 3 - -13 - 9 - (5 + -1).
3
What is 10 - (8 + (-5 - -8) - 4)?
3
Calculate -1 - (-2 + (-4 + -1 - -3 - 12)).
15
What is -3 - 18 - (15 - 23)?
-13
What is the value of -26 + -19 + (23 - -1)?
-21
What is the value of -5 + (13 - (-9 + (12 - 3)))?
8
Evaluate -1 + -25 + 26 - (-10 + 0).
10
Evaluate 25 - (63 + -30) - (23 - (-3 + 5)).
-29
Evaluate 27 - 11 - (-19 - -6).
29
-16 - (12 + 11 + -18)
-21
What is -13 + (1 - (-15 + 13 - (4 + -2)))?
-8
What is the value of (0 - 2) + (-8 + 11 + 0 - -6)?
7
What is the value of (50 - (1 - -13)) + -21?
15
Evaluate 10 + -14 + 0 - (11 + 10 + -5).
-20
What is the value of -28 + (-1 - (-25 - -6))?
-10
Evaluate -2 - ((2 - 9) + (9 - (-3 + 4))).
-3
What is the value of (-17 - (-3 - 3) - (-21 - 5)) + 9?
24
-5 + (7 - 22 - -7)
-13
52 - (-4 + 26 - -12)
18
What is the value of (11 - 0) + ((16 - 10) + -62 - -10)?
-35
Evaluate 55 + -20 - 21 - 5.
9
What is -10 + 9 + -16 + 11 + -7?
-13
Evaluate 4 + (-9 + (-2 - -6) - 20).
-21
Calculate 5 + ((-6 - -5) + -6 - -19).
17
Evaluate -92 + 82 - (-38 + -7).
35
Evaluate -22 + (2 - -17 - -7).
4
Evaluate -8 - (-16 - -11 - -3).
-6
Evaluate 4 + 5 + -1 + -8 + (16 - -1).
17
Calculate 16 + -22 + (10 - -1).
5
What is the value of (17 - (-3 + 1 - -2)) + (143 - 133)?
27
What is the value of (0 + -38 - 13) + 19?
-32
Calculate (9 - 1) + (11 - 10) + -23.
-14
What is 45 + -39 + 7 + (-9 - -1)?
5
Evaluate (-7 - ((-7 - 5) + 18)) + 10.
-3
Calculate (-1 - -8) + -19 + 4 + 6.
-2
What is the value of (19 + -35 - -15) + -19?
-20
Evaluate 0 + -7 + 13 + (-9 - -2) + -24.
-25
46 - 30 - 11 - -4
9
What is the value of 10 + -21 + 4 + 2?
-5
What is the value of 8 + (2 - (-15 + 11))?
14
Evaluate -67 + 80 + (3 - 10).
6
Calculate -7 + 3 + 11 - (5 - (5 - 4)).
3
What is 6 - 0 - (1 + -14 - -4)?
15
Calculate (-9 + -1 - -10) + 11 - -4.
15
What is the value of -27 - -27 - -8 - -8?
16
35 - (3 - (-16 - -1))
17
Evaluate (31 - 66) + 5 + (-4 - -6).
-28
(-4 - (6 - ((-2 - 6) + 23))) + 3
8
What is the value of -6 - 0 - (8 + -6 - (-7 + 6))?
-9
What is 22 - (-11 - -30) - (-2 - (-2 + 1))?
4
-5 + (-33 + 37 - -14)
13
(-11 - -19) + (-1 + 0 - 14)
-7
(42 - 30) + (2 - 0)
14
What is (19 - -2) + 1 + -13?
9
What is the value of 13 + (-2 - (9 + -7))?
9
Calculate 4 - (20 - (17 - 5 - 8)).
-12
What is the value of (-73 + 78 - (0 + 4 - -4)) + -18?
-21
Calculate (28 - 8 - (12 - 4)) + -5.
7
1 - (3 - (1 - -11))
10
What is 2 - 0 - (-293 - -267)?
28
What is the value of -5 + -6 + 10 + (-6 - -18) + -40?
-29
Calculate 1 + -4 - -6 - 13.
-10
What is the value of -1 - (-10 + -9) - (2 - -11)?
5
Calculate 1 + 13 - (-19 + 9 + 14).
10
Evaluate -1 + -6 - (-5 + 8 - -1) - 4.
-15
Evaluate 8 + 3 + -20 + 36 + 12 + -6.
33
(-9 - -1) + (3 - -1 - 2 - -4)
-2
Evaluate -6 - ((-28 - -33) + -28 + -1 + 3).
15
Evaluate 4 - 0 - (-8 - -17) - (-26 + 11).
10
What is -17 + 2 + (9 - 1) - (-1 + 5)?
-11
-13 + (13 - 9) - (-1 + 1)
-9
Calculate (-1 - -2) + (31 - (-26 - -45)).
13
What is the value of 1 - -13 - (-12 + -8 + 26) - -6?
14
(18 - (-2 - -3)) + -48 + 41
10
Calculate (8 - 5) + 3 + -1 + -6 + 0.
-1
Calculate -17 + 6 - (11 - (11 + -7) - 14).
-4
Calculate 4 - (-7 + 3) - (1 - -13).
-6
What is 9 + (0 + 2 - (-8 - (9 + -22)))?
6
What is -1096 - -1097 - (1 + (0 - 10))?
10
-53 + -31 + 52 + 13
-19
What is the value of -7 + 11 + -7 + 0?
-3
Evaluate (-2 - 7) + -215 + 217.
-7
(16 - -2) + 3 + 34 + -36
19
What is the value of (6 - 3 - -24) + (-14 - (-13 + 4))?
22
Calculate -5 - (-6 + 6) - ((-9 - -3) + 1).
0
-34 + 26 + 8 - (-1 + -6) - -18
25
What is the value of -4 - -2 - (27 + -19) - -11?
1
Evaluate (-8 + 33 - -9) + -15.
19
Evaluate 9 + -11 + 7 + -3 - (-1 - 7).
10
What is the value of 34 + (-12 - (3 - 11 - (-9 + 9)))?
30
Evaluate (0 + 15 + -3 - (100 + -98)) + -17.
-7
2 + (2 - 13) - (-5 + -18)
14
Calculate (9 - (16 - -9) - -12) + 17.
13
What is the value of -5 - ((-2 - (-6 - 2)) + -1)?
-10
What is the value of 1 + 31 + -106 + 101?
27
Evaluate 3 - (15 - (-3 + 9)) - 0 - 15.
-21
Calculate (31 - 4) + (22 - 1 - 22).
26
Calculate 20 + (-26 + 21 - 23) - (7 + 0).
-15
Evaluate 0 + 2 - (-13 - (-22 - (13 + -26))).
6
Calculate (25 - (9 - 6 - -6)) + 8 - 3.
21
12 + (-4 - -10) + -6 - (3 - 8)
17
Calculate -28 + -9 - (-3 + 12 + -6 + -13).
-27
What is the value of (-2 + -5 - (75 - 79)) + -20?
-23
What is (-118 - -117) + 0 + 3 + -21?
-19
What is the value of 30 - (-16 + (19 - -9))?
18
Evaluate 0 - (-6 - (-2 + 6)).
10
Evaluate -7 - -1 - (101 - 104) - (0 + 4).
-7
Evaluate (38 - 42 - -7) + 18.
21
-35 + (-6 - 40) + 46
-35
Calculate 2 - ((-2 + 5 - -1) + -6 + 11).
-7
Evaluate 3 - 0 - (-28 + 34) - (25 + -18).
-10
Calculate -1 + -7 + 14 + (-37 - -37).
6
Calculate (29 - (9 - (4 - 4))) + -8.
12
Calculate (47 - 31) + -69 - -32.
-21
Evaluate (-12 - 3) + 7 + 9 + -12.
-11
-176 + 158 - (-9 - -10 - (2 + 1))
-16
What is (-33 - 1) + 100 + -53?
13
Evaluate 2 + (-1 + -6 + (-4 - -7) - -7).
5
Calculate -62 + 34 - (0 + (-1 - 3) - 4).
-20
What is -6 - (2 + -15 + 4)?
3
Calculate 12 - ((25 - 1) + -6 + -1).
-5
Calculate (48 - 50 - (-4 - -13)) + -2.
-13
Evaluate 20 + (-20 - -25) + (-18 - -1).
8
What is -16 + 1 + -63 + 86?
8
Evaluate (-22 - -2) + 35 - (2 + 3).
10
Evaluate -4 + 0 + (-16 - 1) + 15 - -4.
-2
Evaluate -11 + -7 + 13 - -7 - 26.
-24
9 - (33 + 16) - -27
-13
What is -14 - (-2 + 5 + -2)?
-15
Evaluate 10 - (5 + -1 + 14 + -16 + -3).
11
What is the value of (-7 - 1) + (17 - (-1 + 0))?
10
(4 - (10 + -16)) + -14
-4
What is -4 - (5 - -4 - (0 - -9))?
-4
39 + (-36 + -6 - -31)
28
What is the value of (25 - 28) + -9 + 7?
-5
Evaluate 4 + (-3 - 1) - (7 - 7 - 7).
7
Evaluate -113 - -116 - (10 + -30).
23
What is -4 + (-10 - -9) + 2 - 9?
-12
What is -3 + -8 - 7 - (-38 + 40)?
-20
-9 + -2 + (-10 - -15 - 17) + 9
-14
Calculate -460 + 444 - (-22 - -1).
5
What is 10 + ((4 - 6) + 4 - 13) + -10?
-11
What is -3 - ((0 - 9) + 5 + -10)?
11
What is 0 - -22 - (406 - 394)?
10
What is the value of -9 + -2 + 0 + (83 - 76) - 8?
-12
Calculate -30 - (2 - 50) - 25.
-7
What is the value of 103 + -163 + -7 + 40?
-27
Calculate (7 - (-18 + -12 + 11)) + -10.
16
What is the value of -2 - (14 - (-10 - -23) - 13)?
10
(-44 - -17 - -17) + -3
-13
-6 + (-8 - (6 - (30 + -1)) - -8)
17
1 - (-20 - 5) - (41 - 21)
6
What is the value of -13 - 14 - (